{"id":310,"date":"2026-02-17T16:07:55","date_gmt":"2026-02-17T15:07:55","guid":{"rendered":"https:\/\/therapianaturalis.com\/?page_id=310"},"modified":"2026-02-22T11:50:48","modified_gmt":"2026-02-22T10:50:48","slug":"wspolpraca","status":"publish","type":"page","link":"https:\/\/therapianaturalis.com\/?page_id=310","title":{"rendered":"Wsp\u00f3\u0142praca"},"content":{"rendered":"\n<p>Zapraszam do kontaktu podmioty gospodarcze produkuj\u0105ce wysokiej jako\u015bci suplementy diety, jak r\u00f3wnie\u017c zio\u0142a oraz \u017cywno\u015b\u0107.<\/p>\n\n\n\n<p>Email: Monika@therapianaturalis.com <\/p>\n\n\n\n<div class=\"wp-block-group alignfull has-background is-layout-flow wp-block-group-is-layout-flow\" style=\"background-color:#f2f0e9\">\n<div style=\"height:70px\" aria-hidden=\"true\" class=\"wp-block-spacer\"><\/div>\n\n\n\n<div class=\"wp-block-columns alignwide are-vertically-aligned-center is-layout-flex wp-container-core-columns-is-layout-28f84493 wp-block-columns-is-layout-flex\">\n<div class=\"wp-block-column is-layout-flow wp-block-column-is-layout-flow\" style=\"flex-basis:50%\">\n<p class=\"has-text-color\" style=\"color:#000000;font-size:clamp(18.959px, 1.185rem + ((1vw - 3.2px) * 1.255), 30px);line-height:1.1\"><strong>Zwracamy uwag\u0119 na jako\u015b\u0107<\/strong><\/p>\n<\/div>\n\n\n\n<div class=\"wp-block-column is-layout-flow wp-block-column-is-layout-flow\" style=\"flex-basis:50%\">\n<hr class=\"wp-block-separator has-text-color has-css-opacity has-background is-style-wide\" style=\"background-color:#000000;color:#000000\"\/>\n<\/div>\n<\/div>\n\n\n\n<div class=\"wp-block-columns alignwide is-layout-flex wp-container-core-columns-is-layout-28f84493 wp-block-columns-is-layout-flex\">\n<div class=\"wp-block-column is-layout-flow wp-block-column-is-layout-flow\"><\/div>\n\n\n\n<div class=\"wp-block-column is-layout-flow wp-block-column-is-layout-flow\">\n<p class=\"has-text-color has-extra-small-font-size\" style=\"color:#000000\">Polecam wszystkim Klientom bazowanie na lokalnych, sezonowych produktach z zaufanych gospodarstw, jak r\u00f3wnie\u017c zwracanie uwagi na znaki ekologiczne m.in. Certyfikat Zgodno\u015bci PL-EKO-01-014474, Jako\u015b\u0107 Tradycja czy Poznaj Dobr\u0105 \u017bywno\u015b\u0107 (PD\u017b).<\/p>\n\n\n\n<p class=\"has-text-color has-extra-small-font-size\" style=\"color:#000000\">Odpowiednie certyfikaty powinny te\u017c posiada\u0107 surowce zielarskie oraz olejki eteryczne.<\/p>\n<\/div>\n<\/div>\n\n\n\n<div style=\"height:40px\" aria-hidden=\"true\" class=\"wp-block-spacer\"><\/div>\n<\/div>\n\n\n\n<div class=\"wp-block-columns is-layout-flex wp-container-core-columns-is-layout-28f84493 wp-block-columns-is-layout-flex\"><\/div>\n","protected":false},"excerpt":{"rendered":"<p>Zapraszam do kontaktu podmioty gospodarcze produkuj\u0105ce wysokiej jako\u015bci suplementy diety, jak r\u00f3wnie\u017c zio\u0142a oraz \u017cywno\u015b\u0107. Email: Monika@therapianaturalis.com Zwracamy uwag\u0119 na jako\u015b\u0107 Polecam wszystkim Klientom bazowanie na lokalnych, sezonowych produktach z zaufanych gospodarstw, jak r\u00f3wnie\u017c zwracanie uwagi na znaki ekologiczne m.in. Certyfikat Zgodno\u015bci PL-EKO-01-014474, Jako\u015b\u0107 Tradycja czy Poznaj Dobr\u0105 \u017bywno\u015b\u0107 (PD\u017b). Odpowiednie certyfikaty powinny te\u017c posiada\u0107 [&hellip;]<\/p>\n","protected":false},"author":1,"featured_media":0,"parent":0,"menu_order":0,"comment_status":"closed","ping_status":"closed","template":"","meta":{"footnotes":""},"class_list":["post-310","page","type-page","status-publish","hentry"],"_links":{"self":[{"href":"https:\/\/therapianaturalis.com\/index.php?rest_route=\/wp\/v2\/pages\/310","targetHints":{"allow":["GET"]}}],"collection":[{"href":"https:\/\/therapianaturalis.com\/index.php?rest_route=\/wp\/v2\/pages"}],"about":[{"href":"https:\/\/therapianaturalis.com\/index.php?rest_route=\/wp\/v2\/types\/page"}],"author":[{"embeddable":true,"href":"https:\/\/therapianaturalis.com\/index.php?rest_route=\/wp\/v2\/users\/1"}],"replies":[{"embeddable":true,"href":"https:\/\/therapianaturalis.com\/index.php?rest_route=%2Fwp%2Fv2%2Fcomments&post=310"}],"version-history":[{"count":24,"href":"https:\/\/therapianaturalis.com\/index.php?rest_route=\/wp\/v2\/pages\/310\/revisions"}],"predecessor-version":[{"id":360,"href":"https:\/\/therapianaturalis.com\/index.php?rest_route=\/wp\/v2\/pages\/310\/revisions\/360"}],"wp:attachment":[{"href":"https:\/\/therapianaturalis.com\/index.php?rest_route=%2Fwp%2Fv2%2Fmedia&parent=310"}],"curies":[{"name":"wp","href":"https:\/\/api.w.org\/{rel}","templated":true}]}}